 hundred millions digit of 139439860?
1
What is the hundred thousands digit of 37638713?
6
What is the ten thousands digit of 1859806349?
0
What is the ten millions digit of 1839534096?
3
What is the millions digit of 256297603?
6
What is the hundred thousands digit of 19655938?
6
What is the ten millions digit of 5617007545?
1
What is the ten thousands digit of 105905583?
0
What is the hundred thousands digit of 49778531?
7
What is the hundreds digit of 255407044?
0
What is the thousands digit of 1397848872?
8
What is the ten millions digit of 26564290?
2
What is the hundreds digit of 24427300?
3
What is the millions digit of 97086827?
7
What is the hundred thousands digit of 779797862?
7
What is the hundred millions digit of 2736930200?
7
What is the ten thousands digit of 379195160?
9
What is the millions digit of 2036684236?
6
What is the billions digit of 1818468274?
1
What is the hundreds digit of 618962985?
9
What is the tens digit of 36826280?
8
What is the units digit of 3167804064?
4
What is the thousands digit of 1613281961?
1
What is the millions digit of 819744823?
9
What is the units digit of 28937315?
5
What is the millions digit of 36963734?
6
What is the ten millions digit of 636376523?
3
What is the thousands digit of 520512331?
2
What is the ten millions digit of 139739068?
3
What is the tens digit of 58629705?
0
What is the thousands digit of 3540721072?
1
What is the units digit of 570018279?
9
What is the thousands digit of 1657670858?
0
What is the thousands digit of 337146132?
6
What is the ten thousands digit of 1974356451?
5
What is the tens digit of 4641507356?
5
What is the hundred thousands digit of 3829100977?
1
What is the tens digit of 1665282248?
4
What is the tens digit of 488002578?
7
What is the ten thousands digit of 32212748?
1
What is the millions digit of 7774295156?
4
What is the units digit of 300689?
9
What is the ten thousands digit of 146593526?
9
What is the ten millions digit of 422197249?
2
What is the hundred thousands digit of 253666482?
6
What is the hundred thousands digit of 902081?
9
What is the hundred thousands digit of 3318385555?
3
What is the hundred thousands digit of 82421063?
4
What is the millions digit of 177214248?
7
What is the thousands digit of 3241297421?
7
What is the thousands digit of 1907234041?
4
What is the ten thousands digit of 4247106383?
0
What is the units digit of 1176394812?
2
What is the hundreds digit of 23543541?
5
What is the hundreds digit of 47323218?
2
What is the ten millions digit of 53304371?
5
What is the ten millions digit of 35978812?
3
What is the tens digit of 308572781?
8
What is the hundred millions digit of 1063960266?
0
What is the millions digit of 47755489?
7
What is the ten millions digit of 1672871456?
7
What is the ten thousands digit of 61208994?
0
What is the hundred thousands digit of 1167138733?
1
What is the thousands digit of 3383429455?
9
What is the units digit of 2003634081?
1
What is the units digit of 1144590613?
3
What is the millions digit of 5868869589?
8
What is the millions digit of 855399078?
5
What is the hundreds digit of 64085192?
1
What is the tens digit of 1469412741?
4
What is the hundred thousands digit of 599621069?
6
What is the units digit of 1688792968?
8
What is the ten millions digit of 1782919770?
8
What is the hundred thousands digit of 450136472?
1
What is the thousands digit of 177645370?
5
What is the hundreds digit of 303946516?
5
What is the hundred millions digit of 424739992?
4
What is the ten millions digit of 96558998?
9
What is the ten thousands digit of 320806937?
0
What is the hundreds digit of 86582903?
9
What is the hundreds digit of 4020844847?
8
What is the ten millions digit of 583175950?
8
What is the units digit of 58553376?
6
What is the thousands digit of 98707846?
7
What is the millions digit of 3782530229?
2
What is the hundred thousands digit of 41423995?
4
What is the ten thousands digit of 1395165963?
6
What is the hundred thousands digit of 569503397?
5
What is the thousands digit of 26319729?
9
What is the millions digit of 49469530?
9
What is the ten millions digit of 306414687?
0
What is the ten thousands digit of 4029522107?
2
What is the hundreds digit of 51724161?
1
What is the billions digit of 2181963905?
2
What is the ten millions digit of 47439991?
4
What is the hundred millions digit of 228617631?
2
What is the ten millions digit of 2369738808?
6
What is the ten millions digit of 1240423390?
4
What is the hundreds digit of 87280741?
7
What is the hundred thousands digit of 2363866893?
8
What is the tens digit of 3221137793?
9
What is the millions digit of 42982374?
2
What is the millions digit of 254823438?
4
What is the thousands digit of 2377618292?
8
What is the thousands digit of 41688010?
8
What is the millions digit of 8578118727?
8
What is the ten millions digit of 24583778?
2
What is the ten millions digit of 78302554?
7
What is the millions digit of 6328318345?
8
What is the ten thousands digit of 76676508?
7
What is the ten thousands digit of 2866227992?
2
What is the hundred thousands digit of 48566620?
5
What is the millions digit of 713262322?
3
What is the hundred millions digit of 242117754?
2
What is the units digit of 1605838?
8
What is the millions digit of 699328102?
9
What is the ten millions digit of 57332086?
5
What is the ten thousands digit of 2088451687?
5
What is the ten millions digit of 1795166130?
9
What is the units digit of 227798380?
0
What is the hundreds digit of 967588?
5
What is the tens digit of 214445559?
5
What is the hundred thousands digit of 233381709?
3
What is the hundred millions digit of 871967535?
8
What is the tens digit of 4009368661?
6
What is the millions digit of 563197862?
3
What is the millions digit of 421586532?
1
What is the units digit of 272028165?
5
What is the thousands digit of 25141089?
1
What is the millions digit of 45478142?
5
What is the hundreds digit of 2084728479?
4
What is the ten millions digit of 60403985?
6
What is the tens digit of 1022471657?
5
What is the hundred thousands digit of 91095508?
0
What is the hundred millions digit of 2370717601?
3
What is the hundreds digit of 132346286?
2
What is the millions digit of 21606333?
1
What is the hundreds digit of 143329197?
1
What is the ten thousands digit of 1065541956?
4
What is the hundred millions digit of 5225347473?
2
What is the units digit of 149707255?
5
What is the hundreds digit of 548373381?
3
What is the tens digit of 2360289896?
9
What is the hundred millions digit of 565779646?
5
What is the hundred thousands digit of 72767824?
7
What is the millions digit of 36467527?
6
What is the units digit of 702554391?
1
What is the thousands digit of 50763908?
3
What is the tens digit of 658045159?
5
What is the hundred thousands digit of 1628509642?
5
What is the units digit of 360027508?
8
What is the units digit of 253340851?
1
What is the thousands digit of 4799005?
9
What is the thousands digit of 3166961710?
1
What is the ten millions digit of 29747938?
2
What is the ten thousands digit of 439714749?
1
What is the hundred thousands digit of 755518355?
5
What is the hundreds digit of 10100012?
0
What is the millions digit of 5406097855?
6
What is the tens digit of 8211442091?
9
What is the ten thousands digit of 162788212?
8
What is the thousands digit of 4619830319?
0
What is the ten thousands digit of 876018001?
1
What is the millions digit of 355800534?
5
What is the tens digit of 47143537?
3
What is the ten millions digit of 712894611?
1
What is the tens digit of 1485930537?
3
What is the ten millions digit of 331787989?
3
What is the units digit of 31145282?
2
What is the hundred millions digit of 428441904?
4
What is the tens digit of 611337519?
1
What is the hundreds digit of 340558694?
6
What is the thousands digit of 36572218?
2
What is the millions digit of 229871840?
9
What is the units digit of 40329311?
1
What is the tens digit of 520077477?
7
What is the thousands digit of 19656261?
6
What is the tens digit of 21790395?
9
What is the millions digit of 94506438?
4
What is the billions digit of 1346582216?
1
What is the hundred thousands digit of 576485?
5
What is the thousands digit of 2492009711?
9
What is the hundred mil